 when 5929574 is divided by 35294.
182
Calculate the remainder when 355004 is divided by 347.
23
What is the remainder when 1482917 is divided by 1022?
1017
What is the remainder when 288024 is divided by 161?
156
Calculate the remainder when 32641619 is divided by 1507.
1506
What is the remainder when 129362 is divided by 29?
22
What is the remainder when 81031 is divided by 2794?
5
Calculate the remainder when 462897 is divided by 380.
57
What is the remainder when 1264 is divided by 171?
67
Calculate the remainder when 3952919 is divided by 44.
3
Calculate the remainder when 76353241 is divided by 7.
6
What is the remainder when 106060310 is divided by 5118?
5114
What is the remainder when 3530678 is divided by 26?
8
What is the remainder when 3297878 is divided by 1529?
1354
Calculate the remainder when 681196 is divided by 16432.
7484
Calculate the remainder when 4248383 is divided by 30.
23
Calculate the remainder when 5044492 is divided by 213.
13
What is the remainder when 35260 is divided by 10436?
3952
Calculate the remainder when 813726 is divided by 944.
942
Calculate the remainder when 916 is divided by 385.
146
Calculate the remainder when 144585 is divided by 5783.
10
Calculate the remainder when 1987454 is divided by 11.
7
Calculate the remainder when 161815 is divided by 1044.
1039
Calculate the remainder when 13080089 is divided by 88980.
29
What is the remainder when 824093 is divided by 2030?
1943
Calculate the remainder when 952457 is divided by 3426.
29
Calculate the remainder when 181709624 is divided by 73.
68
Calculate the remainder when 64920414 is divided by 1411313.
16
Calculate the remainder when 96172 is divided by 95918.
254
Calculate the remainder when 5488066 is divided by 50.
16
What is the remainder when 9716264 is divided by 1318?
1286
What is the remainder when 77235963 is divided by 5782?
7
Calculate the remainder when 3192255 is divided by 177346.
27
Calculate the remainder when 489485215 is divided by 2992.
2991
Calculate the remainder when 14998 is divided by 11.
5
What is the remainder when 37385752 is divided by 5485?
5477
Calculate the remainder when 132285 is divided by 2280.
45
Calculate the remainder when 681884 is divided by 170456.
60
What is the remainder when 2851149 is divided by 260?
249
What is the remainder when 599121 is divided by 49742?
2217
Calculate the remainder when 8723 is divided by 6003.
2720
What is the remainder when 158388029 is divided by 704?
701
Calculate the remainder when 11164 is divided by 1022.
944
Calculate the remainder when 21304098 is divided by 66994.
6
Calculate the remainder when 10380491 is divided by 176.
11
What is the remainder when 423245 is divided by 76?
1
Calculate the remainder when 21059 is divided by 3332.
1067
Calculate the remainder when 55640 is divided by 1245.
860
What is the remainder when 20925868 is divided by 240527?
19
What is the remainder when 1708880 is divided by 185?
35
Calculate the remainder when 4780285 is divided by 876.
829
What is the remainder when 521356 is divided by 3530?
2446
What is the remainder when 18533594 is divided by 90?
74
What is the remainder when 3291685 is divided by 2579?
881
Calculate the remainder when 1213408 is divided by 173146.
1386
What is the remainder when 1976943 is divided by 98846?
23
Calculate the remainder when 1746974 is divided by 230.
124
What is the remainder when 7393616 is divided by 7393571?
45
Calculate the remainder when 311351 is divided by 30480.
6551
Calculate the remainder when 99587967 is divided by 128.
127
What is the remainder when 157298 is divided by 78584?
130
What is the remainder when 693408 is divided by 346559?
290
What is the remainder when 54662407 is divided by 18220787?
46
What is the remainder when 31011814 is divided by 979?
31
What is the remainder when 14953582 is divided by 19?
12
Calculate the remainder when 204596 is divided by 1482.
80
Calculate the remainder when 3658423 is divided by 8.
7
Calculate the remainder when 10087918 is divided by 201758.
18
Calculate the remainder when 44428647 is divided by 255.
252
Calculate the remainder when 15206935 is divided by 4470.
4465
What is the remainder when 49302377 is divided by 1657?
1656
Calculate the remainder when 9825215 is divided by 3275069.
8
Calculate the remainder when 12597 is divided by 4879.
2839
Calculate the remainder when 23549239 is divided by 358.
357
Calculate the remainder when 594806 is divided by 5126.
190
What is the remainder when 50205836 is divided by 10?
6
Calculate the remainder when 58686240 is divided by 51.
30
What is the remainder when 491631 is divided by 14340?
4071
What is the remainder when 1209106 is divided by 912?
706
Calculate the remainder when 9854029 is divided by 8728.
117
Calculate the remainder when 93219 is divided by 179.
139
Calculate the remainder when 330414602 is divided by 173.
172
Calculate the remainder when 19019852 is divided by 73.
67
What is the remainder when 10314439 is divided by 22972?
11
Calculate the remainder when 35339 is divided by 5887.
17
Calculate the remainder when 3637 is divided by 2111.
1526
Calculate the remainder when 1203327 is divided by 4628.
47
What is the remainder when 4732425 is divided by 189295?
50
What is the remainder when 2893885 is divided by 75?
10
Calculate the remainder when 10097456 is divided by 253.
226
Calculate the remainder when 798810 is divided by 399310.
190
Calculate the remainder when 21608 is divided by 21465.
143
What is the remainder when 141615 is divided by 70734?
147
Calculate the remainder when 80894006 is divided by 2236.
2234
What is the remainder when 5598094 is divided by 19922?
12
Calculate the remainder when 483128 is divided by 30176.
312
Calculate the remainder when 472261 is divided by 21434.
713
What is the remainder when 53293 is divided by 410?
403
Calculate the remainder when 641410 is divided by 35632.
34
Calculate the remainder when 8374767 is divided by 647.
646
What is the remainder when 242539 is divided by 47257?
6254
Calculate the remainder when 4943599 is divided by 940.
139
What is the remainder when 15628096 is divided by 3125617?
11
Calculate the remainder when 732812894 is divided by 16.
14
Calculate the remainder when 1289828 is divided by 23451.
23
Calculate the remainder when 7536302 is divided by 3587.
15
What is the remainder when 10317374 is divided by 1444?
1438
Calculate the remainder when 630956 is divided by 6063.
404
Calculate the remainder when 217687 is divided by 2472.
151
What is the remainder when 23697 is divided by 3864?
513
Calculate the remainder when 1257870 is divided by 374.
108
Calculate the remainder when 7641 is divided by 843.
54
What is the remainder when 215778765 is divided by 4?
1
What is the remainder when 4424302 is divided by 30?
22
Calculate the remainder when 310819 is divided by 61750.
2069
What is the remainder when 2066210 is divided by 60?
50
Calculate the remainder when 67490062 is divided by 25.
12
Calculate the remainder when 2867707 is divided by 591.
175
What is the remainder when 1869037 is divided by 373677?
652
Calculate the remainder when 622445 is divided by 124481.
40
Calculate the remainder when 12987663 is divided by 6493829.
5
What is the remainder when 3957649 is divided by 315?
304
Calculate the remainder when 248542 is divided by 2124.
34
What is the remainder when 387171 is divided by 8236?
79
Calculate the remainder when 123815 is divided by 1070.
765
Calculate the remainder when 2012918 is divided by 201261.
308
Calculate the remainder when 958632 is divided by 472.
0
Calculate the remainder when 217000 is divided by 26912.
1704
Calculate the remainder when 1327229 is divided by 8562.
119
What is the remainder when 154089408 is divided by 119?
116
What is the remainder when 282715397 is divided by 110?
107
What is the remainder when 4684445 is divided by 17948?
17
What is the remainder when 265812 is divided by 6623?
892
Calculate the remainder when 9695332 is divided by 23880.
52
What is the remainder when 3787858 is divided by 59?
58
Calculate the remainder when 25280 is divided by 4916.
700
What is the remainder when 964003 is divided by 1098?
1057
What is the remainder when 25345 is divided by 5053?
80
Calculate the r